*3 + 3*s**2 + 9*s - 1. Let q be h(5). Let v = -366 + q. Suppose -v = -7*p + 135. What are the prime factors of p?
109
Let o(r) = -20*r - 42. Suppose 3*u + 19 = -5*t, -t = u - 1 + 8. List the prime factors of o(u).
2, 59
Let k = 25 + -22. Suppose -1467 = -3*b - 0*b. What are the prime factors of (7 - k) + b/3?
167
Suppose -2*n - 11*i = -14*i - 36370, 54542 = 3*n + 2*i. What are the prime factors of n?
2, 9091
Suppose 3*t - 70*h - 44700 = -75*h, 2*h = -5*t + 74500. List the prime factors of t.
2, 5, 149
Let c be (-6)/(-5)*(-27350)/(-15). Suppose -10*u = -11*u - 5*g + 706, -3*u - g + c = 0. List the prime factors of u.
17, 43
Let w(o) = -823*o + 2770. What are the prime factors of w(-47)?
3, 41, 337
Let k be (-5 - (-82)/8)/((-3)/(-32)). Suppose -7*b + 2863 = k. List the prime factors of b.
401
Let s = -18533 + 42377. List the prime factors of s.
2, 3, 1987
Let q = 267 + -228. Suppose -5017 = 10*u - q*u. List the prime factors of u.
173
Suppose 173819 = 4*j + q, -109*q + 107*q + 43453 = j. List the prime factors of j.
3, 5, 2897
Let j(r) = 22*r - 235. Let f(w) = 19*w + 258. Let m be f(-12). List the prime factors of j(m).
5, 17
Let p(y) = -21*y**3 - 97*y**2 - 849*y - 4. What are the prime factors of p(-9)?
79, 191
Let c(w) = 1083*w**2 + 88*w - 267. What are the prime factors of c(4)?
11, 1583
Let p(d) = -d**3 + 9*d**2 - 7*d + 9. Let c be p(6). Let w = 162 + c. List the prime factors of w.
3, 79
List the prime factors of 78/273 + (11/(231/579384) - 0).
2, 5, 31, 89
Let s(r) = 4*r**2 + 101*r - 11. Let v be s(-35). Let y = -886 + v. What are the prime factors of y?
2, 3, 13
Suppose -249*x + 231*x = -20808. Suppose -3*f = -3*h + 24, -3*h - 6 + 38 = -5*f. Suppose 242 = l + w - 48, -h*l + x = 5*w. List the prime factors of l.
2, 3, 7
Let u be ((-4)/(-24) - 1/(-3))*0. Suppose 0 = 2*m + 2*a - 366, u*m - 3*a + 733 = 4*m. List the prime factors of m.
2, 23
Let w(x) = -x**2 - 14*x + 42. Let s be w(-16). Let u(p) = 46*p - 50. What are the prime factors of u(s)?
2, 5, 41
Let p(x) = -3215*x - 7084. What are the prime factors of p(-17)?
3, 101, 157
Suppose 2*g + 8 = 14. Suppose -2*o + 7 = -g*o. Let y(p) = -p**3 - 7*p**2 + 3. List the prime factors of y(o).
3
Suppose 50510 = -40*y - 4*y + 527734. What are the prime factors of y?
2, 11, 17, 29
Suppose -642*r + 7282324 = -404*r. What are the prime factors of r?
2, 15299
Let w = 19057 + -9117. What are the prime factors of w?
2, 5, 7, 71
Let v(r) = -76*r**3 - 21*r**2 - 13*r + 13. Let z(q) = 39*q**3 + 10*q**2 + 6*q - 6. Let l(k) = 6*v(k) + 13*z(k). List the prime factors of l(2).
2, 53
Suppose -405*c = -400*c - 25. Suppose 2*t = -c*u + 1128, -574 = -t - 9*u + 4*u. What are the prime factors of t?
2, 277
Let c(n) = -n**2 + 7*n - 6. Let s = -37 - -42. Let u be c(s). Suppose -h + 7*m - u*m + 134 = 0, -4*h = 3*m - 521. List the prime factors of h.
131
Suppose -32170 - 20593 = -19*y. What are the prime factors of y?
2777
Let w be (-3 + 35/25)*-565. Suppose 0 = 2*z - 3*l - 783 + 181, -3*z + 4*l = -w. List the prime factors of z.
2, 19
Let z(t) = -6*t + 2*t**2 + 212 + 367 + 45*t - 11*t - 18*t. List the prime factors of z(0).
3, 193
Let t(i) = -i**3 - 12*i**2 + 13*i + 12. Let z be t(-13). What are the prime factors of (-2877)/(-12) + 1 + 3/z?
241
Suppose -657 = -3*n - 3*w, 3*w = -5*n - 0*w + 1099. Suppose -3*c + n = -2*d, 215 = 2*c + c - 5*d. What are the prime factors of c?
3, 5
Suppose 2*j = w - 12052, -4*w + 26*j - 27*j = -48181. List the prime factors of w.
2, 19, 317
Let x(z) = 423 - 2*z**2 + 3*z**2 + 5*z - 16*z. List the prime factors of x(0).
3, 47
Let s be (-2)/((-13)/((-39)/6)). What are the prime factors of -2 + (3/3)/s - -581?
2, 17
Let d(g) = -14*g + 13. Suppose 14*v = 9*v - 20. Let k = -3 + v. List the prime factors of d(k).
3, 37
Suppose -136*s + 6749148 = -52*s. What are the prime factors of s?
80347
Let d(l) = -22 + 4*l**2 + 5*l + 9*l**2 + 3*l**2 + 15*l**2. List the prime factors of d(3).
2, 17
Suppose 4*g + 4146 = 4*j - 4146, -5*g - 5 = 0. List the prime factors of j.
2, 7, 37
Suppose 0 = 2*s + 4*x - 34146, 4*x - 7202 = -s + 9871. List the prime factors of s.
3, 7, 271
List the prime factors of 88/20 + -4 + (-47934)/(-15) + 4.
2, 5
What are the prime factors of (-4 - -2)*((-146292)/24 - 3)?
12197
Suppose 29*k - 28*k + 8565 = q, 4*k - 32 = 0. List the prime factors of q.
8573
Let p be ((-5)/3 + 2)/((-1)/39). Let x(w) = -10*w - 30 + 16*w - 15*w - 15*w. What are the prime factors of x(p)?
2, 3, 47
Let l(o) = 2*o**2 - 3*o + 2. Let p be l(-2). Let n(j) = 3*j**2 - 20*j + 76. List the prime factors of n(p).
2, 131
Suppose -9*c = 41*c + 47750. Let j = c + 1489. List the prime factors of j.
2, 3, 89
Let a(k) = -k**2 + 4*k - 11. Let x be a(5). Let w = x - -47. Let c = w + -13. What are the prime factors of c?
2, 3
Suppose 6*r = 8 - 50. Let k be 405/13 - r/((-455)/10). Let n = -14 + k. List the prime factors of n.
17
Let j be (1 + 0)/(6/36). List the prime factors of (-6217)/(-4) - (j - (-115)/(-20)).
2, 3, 7, 37
Let z = -35 - -60. What are the prime factors of (-1 - (-30)/z) + 10632/15?
709
Let h be 274/5 + (-36)/45. Let p be 2426/8 + (h/24)/(-9). Suppose 0 = 2*k - p + 23. List the prime factors of k.
2, 5, 7
Let p(w) = 17*w**2 - 10*w - 28. Suppose r = -4*g + 8 + 1, -6 = -2*r - 4*g. What are the prime factors of p(r)?
5, 31
Let t(z) = 448*z**3 - 14*z**2 + 12*z - 24. What are the prime factors of t(3)?
2, 3, 1997
Let f(s) = -2306*s - 57. Let r be f(-6). Suppose -r = -9*b - 1782. What are the prime factors of b?
31, 43
Let p(y) = 5*y**2 + 7*y - 3. Let z be p(-4). Let b(k) = -68 + 65*k + 22 - z*k. List the prime factors of b(14).
2, 89
Suppose 0 = -6*s + 12*s - 74640. What are the prime factors of s?
2, 5, 311
Suppose 7*h + 106 = 99. List the prime factors of 3353*h/(-42)*6.
479
Suppose 2*j + 100 + 6 = 0. Let l = j + 141. What are the prime factors of l?
2, 11
Suppose 0 = 3*t + 10*t + 25402. List the prime factors of (-2)/8 + t/(-8).
2, 61
Suppose 208*o - 653*o + 4080528 + 2954032 = 0. What are the prime factors of o?
2, 13, 19
Suppose 4*q + 40 = 64. Let a(f) = f**3 + f**2 - 11*f - 3. What are the prime factors of a(q)?
3, 61
Let q = 37739 - 28139. List the prime factors of q.
2, 3, 5
Let j(c) be the third derivative of 3*c**5/20 - c**4/12 - 4*c**3/3 - 17*c**2. What are the prime factors of j(4)?
2
What are the prime factors of (-11)/22 - (1/7)/(4/(-518798))?
2, 3, 193
Suppose -8 - 16 = -12*l. List the prime factors of (-5 + l)*(2 - 12 - -1).
3
Suppose -365*i + 376*i - 34969 = 0. List the prime factors of i.
11, 17
Let l be -1*(-3 + 8 - 2). Let n be 184*(-5)/15*l. Let x = n - 33. List the prime factors of x.
151
List the prime factors of 2 - 9 - 762722/(-34).
2, 11213
Let j(y) = -52*y**3 - 3*y**2 - y + 5. Let w be j(2). Let a = 637 + w. List the prime factors of a.
2, 53
Suppose -98978 + 24438 = -10*y. List the prime factors of y.
2, 3727
Let d(n) = -1187*n + 1885. List the prime factors of d(-15).
2, 5, 11, 179
Let c be ((-6)/(-7))/(3/(-21)). Let l be ((-36)/7)/((-1287)/630 - -2). List the prime factors of 3 + l/14*(-105)/c.
3, 17
Let r(n) = -3*n**2 + 57 - 54 + 4*n**2 + 3*n - 408*n**3 - n. What are the prime factors of r(-1)?
2, 5, 41
Let g(m) = -2*m**2 + 4*m. Let u be g(2). Suppose u = -5*j + 28 - 8. Suppose -j*d + 635 + 391 = h, d - 253 = -2*h. List the prime factors of d.
257
Let n(s) = -2*s**2 + 14*s + 8. Suppose 14 = 3*l + 5*i - 33, 3*i = 3*l - 15. Let w be n(l). Let m = w + 61. List the prime factors of m.
3, 11
Suppose -3*o + 26 = -2*o. Let v = 23 - o. List the prime factors of 93 - (4 - v/(-3)).
2, 3, 5
Let d = -27 + 93. Suppose 71*x - d*x - 65 = 0. Suppose 0 = 8*i - x*i + 460. List the prime factors of i.
2, 23
Let t(y) = 1817*y**3 + 16*y**2 + 10. What are the prime factors of t(3)?
29, 1697
Let q(a) = -a**2 + a. Let j(g) = -6*g**2 - 5*g - 2. Let v(x) = j(x) - 5*q(x). Let i be v(-10). List the prime factors of ((-13)/(-1))/(27/13 + i).
13
Let l(y) = -y**3 + 18*y**2 - 28*y + 28. Let c be l(13). Let v = 1278 - c. List the prime factors of v.
769
Let g(c) be the third derivative of c**6/120 + 7*c**5/30 - 5*c**4/12 - 2*c**3 + 57*c**2. List the prime factors of g(-7).
401
Suppose 31*y = 33*y - 6. Suppose -y*x = -2*w + 3*w + 1358, 1818 = -4*x - 5*w. Let r = -303 - x. List the prime factors of r.
149
Let c(k) = -